4).
36
Let s(t) = -5*t - 14. Determine s(-6).
16
Let m(n) = n**3 + 8*n**2 - 4*n - 4. Give m(-8).
28
Let v(r) = 32*r + 159. What is v(-5)?
-1
Let s(a) = -a**3 + 14*a**2 - 39*a + 12. Determine s(10).
22
Let o(q) = -2*q - 47. What is o(-22)?
-3
Let p(g) = g**3 + 7*g**2 + 22*g + 154. Calculate p(-7).
0
Let c(h) = 2*h**2 + 3*h - 6. What is c(2)?
8
Let n(j) = -7*j - 192. Calculate n(-26).
-10
Let s(z) = z**3 - z**2 - z + 5. Give s(0).
5
Let r(j) = 7*j - 1. Calculate r(-2).
-15
Let w(b) = -4*b + 242. Give w(59).
6
Let j(t) = t**3 - 14*t**2 + t - 7. Determine j(14).
7
Let w(o) = -o**2 + 7*o - 33. Give w(11).
-77
Let r(w) = -6*w - 16. What is r(-11)?
50
Let u(y) = y + 5. Give u(-13).
-8
Let u(j) = 9*j - 3. What is u(4)?
33
Let n(p) = p**2 - 8*p - 1. What is n(-4)?
47
Let m(z) = -21*z + 28. Calculate m(7).
-119
Let o(f) = f**2 + 6*f - 4. Calculate o(-5).
-9
Let i(r) = -37*r - 4. Calculate i(-2).
70
Let t(k) = k**3 - 9*k**2 + 19*k + 9. Determine t(5).
4
Let f(d) = 2*d**3 - 17*d**2 + 12. Give f(8).
-52
Let y(t) = -t**2 - 69*t - 256. Calculate y(-4).
4
Let u(o) = o**2 - 22*o + 95. What is u(8)?
-17
Let h(t) = -2*t**2 - 2*t - 18. Determine h(-5).
-58
Let l(z) = -3*z**2 + 24*z - 12. What is l(7)?
9
Let q(a) = -9*a + 3. What is q(-1)?
12
Let w(j) = -j**3 + 4*j**2 + 3*j + 7. Determine w(5).
-3
Let m(c) = -c**3 - c**2 + 2*c + 4. What is m(0)?
4
Let w(f) = -2*f**3 + 38*f**2 - 4*f + 46. Calculate w(19).
-30
Let a(x) = -x**2 + 15*x - 57. Determine a(7).
-1
Let b(t) = 6*t**3 + 2*t**2 - 2. Calculate b(1).
6
Let f(l) = -l**2 + 13*l + 4. What is f(10)?
34
Let v(r) = -r**3 - 2*r**2 + 14*r - 7. What is v(4)?
-47
Let x(t) = 86*t. What is x(1)?
86
Let g(a) = 4*a + 40. Determine g(0).
40
Let i(u) = -2*u - 32. Give i(2).
-36
Let i(r) = 2*r**2 - 43*r + 16. Calculate i(21).
-5
Let v(m) = m**3 - 8*m**2 + 3. Determine v(8).
3
Let s(w) = -3*w**2 - 3*w + 28. What is s(3)?
-8
Let n(z) = z**2 + z + 4. What is n(10)?
114
Let z(t) = 16*t - 59. Give z(4).
5
Let k(z) = z**2 + 2*z - 22. Calculate k(-5).
-7
Let h(c) = 8*c - 2. Determine h(-3).
-26
Let j(o) = 6*o**2 - 4*o + 4. Calculate j(2).
20
Let c(q) = 2*q**2 + 39*q - 48. Determine c(-21).
15
Let l(b) = b**2 - 3*b - 9. What is l(-5)?
31
Let m(r) = -r**3 + 4*r**2 + 13*r - 5. Determine m(6).
1
Let d(m) = -m**3 - 8*m**2 - 6*m + 13. Give d(-7).
6
Let y(r) = -2*r**2 + 7*r - 21. What is y(5)?
-36
Let q(x) = -x**2 + 12*x - 43. Determine q(6).
-7
Let n(w) = -w**2 - 6*w. Determine n(-5).
5
Let y(z) = z**3 + 7*z**2 + 2*z + 21. Determine y(-7).
7
Let y(r) = -2*r - 64. Determine y(-36).
8
Let h(g) = -g. Give h(10).
-10
Let z(r) = -2*r**3 + 13*r**2 - 10*r + 25. Calculate z(6).
1
Let d(z) = -z**3 + 63*z**2 - 2*z + 130. Give d(63).
4
Let v(d) = 5*d - 2. Determine v(-4).
-22
Let s(a) = -7*a + 30. Determine s(-6).
72
Let b(d) = 9*d - 56. Determine b(8).
16
Let h(g) = -2*g**2 - 30*g - 3. Determine h(-13).
49
Let k(d) = -d**2 - 9*d - 3. What is k(-6)?
15
Let p(m) = -m**2 + 5*m - 5. Determine p(7).
-19
Let t(y) = -37*y + 19. Determine t(1).
-18
Let s(x) = 4*x - 31. Give s(6).
-7
Let g(f) = -4*f + 18. Determine g(6).
-6
Let p(r) = r - 15. Calculate p(11).
-4
Let o(m) = 9*m + 1. Give o(-6).
-53
Let z(t) = 14*t**2 - t + 1. Give z(-1).
16
Let t(k) = -3*k - 3. What is t(3)?
-12
Let f(y) = 6*y**2 - 26*y + 14. Give f(4).
6
Let i(w) = w**2 - 23. Determine i(4).
-7
Let w(k) = k**2 + 6*k + 1. Give w(-4).
-7
Let p(j) = -j**3 - 28*j**2 - 29*j + 60. Give p(-27).
114
Let i(x) = -58*x - 71. What is i(-1)?
-13
Let c(l) = -l**3 + 7*l**2 - 7*l + 12. Calculate c(5).
27
Let n(p) = -8*p + 246. Calculate n(30).
6
Let x(t) = -t**3 - 10*t**2 + 3*t + 26. What is x(-10)?
-4
Let l(t) = -6*t + 99. Give l(20).
-21
Let b(a) = -a**2 + 11*a + 4. Calculate b(8).
28
Let a(n) = -31*n - 1. Calculate a(-1).
30
Let b(f) = f**3 - f**2 + 5*f - 3. Determine b(0).
-3
Let u(q) = -9*q - 21. What is u(-5)?
24
Let t(d) = d**3 - 6*d**2 + d + 6. Calculate t(5).
-14
Let s(v) = -4*v + 34. Calculate s(11).
-10
Let v(m) = m**2 - 29*m + 185. What is v(11)?
-13
Let g(a) = -a**3 + 10*a**2 - 12*a + 24. What is g(9)?
-3
Let i(w) = -7*w**3 + w**2 + w - 1. Calculate i(1).
-6
Let c(g) = -9*g + 92. Determine c(9).
11
Let g(c) = 6*c + 116. Calculate g(-21).
-10
Let m(p) = 3*p - 9. What is m(4)?
3
Let s(q) = -7*q - 59. Give s(-15).
46
Let u(f) = f**3 + 22*f**2 - 23*f + 3. Determine u(-23).
3
Let y(v) = -v**3 + 6*v**2 - 9*v - 3. What is y(4)?
-7
Let t(a) = -5*a - 12. Give t(-3).
3
Let d(w) = w**3 + 11*w**2 + 24. Give d(-11).
24
Let o(l) = l**3 + 5*l**2 - 3*l - 11. Give o(-5).
4
Let z(l) = l**3 + 10*l**2. What is z(-10)?
0
Let s(w) = -w**2 - 13*w + 15. What is s(-14)?
1
Let w(g) = 26*g - 146. What is w(5)?
-16
Let r(l) = -3*l - 26. Determine r(-8).
-2
Let d(i) = 3*i + 97. Determine d(-28).
13
Let r(l) = -l - 41. Calculate r(-7).
-34
Let h(c) = -10*c + 57. Calculate h(5).
7
Let q(z) = -z**3 - 3*z**2 - 5*z - 3. What is q(-3)?
12
Let f(l) = -5*l**2 - 34*l - 15. Give f(-6).
9
Let n(m) = -m**3 + m**2 - 6. What is n(-3)?
30
Let b(v) = 8*v - 43. What is b(9)?
29
Let t(r) = 2*r + 2. Give t(4).
10
Let f(d) = 5*d - 30. Determine f(6).
0
Let b(w) = -w**3 + 18*w**2 - w + 42. Determine b(18).
24
Let j(h) = -h**2 - 12*h + 47. Determine j(-15).
2
Let c(q) = -39*q + 200. Calculate c(5).
5
Let o(g) = 5*g**2 - 1. Give o(-6).
179
Let z(o) = -o**3 - 31*o**2 + 34*o + 59. What is z(-32)?
-5
Let d(s) = 2*s**2 + s - 1. Determine d(1).
2
Let k(o) = 2*o**3 - 2*o**2 - o - 1. Give k(-2).
-23
Let s(v) = 5*v**2 + 43*v - 17. Calculate s(-9).
1
Let a(x) = -2*x. What is a(3)?
-6
Let m(v) = -2*v**3. Give m(2).
-16
Let f(o) = o**3 - o**2 - 7*o - 2. Calculate f(4).
18
Let t(l) = l**2 - 6*l + 1. Calculate t(9).
28
Let o(l) = 22*l - 216. What is o(10)?
4
Let r(i) = -18*i - 16. Determine r(2).
-52
Let u(z) = z**2 + 11*z - 24. Give u(-14).
18
Let m(g) = -g**3 + 14*g**2 + 10*g + 80. Give m(15).
5
Let q(p) = -p**3 + 15*p**2 + 20*p - 35. Give q(16).
29
Let s(i) = i**3 - 2*i**2 - i - 3. Determine s(3).
3
Let m(c) = 3*c**2 + 4*c - 6. Determine m(4).
58
Let h(c) = -c**3 + 2*c + 2. Calculate h(3).
-19
Let f(b) = 7*b - 27. Give f(12).
57
Let b(z) = 5*z**2 - 4*z + 3. Calculate b(3).
36
Let q(c) = c**3 + 14*c**2 + 15*c + 22. Determine q(-13).
-4
Let t(z) = z**3 + 2*z + 17. Determine t(0).
17
Let h(i) = -3*i**2 + 28*i. What is h(9)?
9
Let t(p) = -p + 11. What is t(31)?
-20
Let m(l) = -8*l**2 - 481*l - 60. Calculate m(-60).
0
Let l(t) = t**2 + 5*t - 10. Determine l(-6).
-4
Let b(y) = y**2 - 42*y - 339. Calculate b(49).
4
Let m(r) = -r**2 - 7*r - 14. Determine m(-2).
-4
Let p(t) = t**2 - 13*t - 8. What is p(14)?
6
Let h(k) = -8*k**2 + k - 11. What is h(3)?
-80
Let n(k) = k**2 - 13*k + 5. What is n(12)?
-7
Let z(l) = 23*l**2 + 47*l + 3. Give z(-2).
1
Let c(b) = -b**3 + 4*b**2 - 3*b. What is c(4)?
-12
Let m(z) = -z**2 + 2*z + 3. Give m(3).
0
Let z(u) = -u**2 - 4*u + 16. Calculate z(-9).
-29
Let y(v) = -v**3 + 16*v**2 + v - 19. Give y(16).
-3
Let x(k) = -2*k**2 - 6*k + 6. What is x(-5)?
-14
Let p(v) = 3*v - 6. Calculate p(9).
21
Let l(j) = j**3 + 5*j**2 - 9*j - 12. Calculate l(-6).
6
Let s(q) = -2*q + 4. Determine s(-6).
16
Let c(b) = b**2 - 6*b - 10. Determine c(8).
6
Let w(g) = 7*g**3 + 2*g**2. Determine w(-2).
-48
Let g(i) = 5*i**3. Calculate g(1).
5
Let o(a) = -2*a**3 + 5*a**2 + a + 2. Determine o(2).
8
Let p(r) = -2*r**3 + 3*r**2 - 8*r + 3. Calculate p(3).
-48
Let k(p) = 2*p**2 + 2*p - 4. Give k(2).
8
Let a(c) = c**3 + 9*c**2 + 2*c - 8. Give a(-8).
40
Let a(j) = j**3 - 2*j**2 - 3*j - 1. Determine a(2).
-7
Let n(x) = 19*x - 413. Determine n(22).
5
Let m(g) = 7*g - 155. What is m(23)?
6
Let x(d) = d**2 + 5*d - 7. Give x(-5).
-7
Let j(b) = 33*b**3 + 2*b**2 - b - 2. Determine j(-1).
-32
Let v(f) = 20*f**3 + 2*f**2 - 1. Determine v(-1).
-19
Let y(g) = g**2 - 15*g + 7. Determine y(13).
-19
Let w(q) = -11*q + 96. Calculate w(9).
-3
Let s(v) = 29*v - 79. Determine s(3).
8
Let g(u) = u**2 - 7*u - 9. Calculate g(-5).
51
Let h(a) = -a**3 + 10*a**2 + 14*a - 27. What is h(11)?
6
Let g(h) = 6*h - 6. Give g(1).
0
Let x(g) = g**3 - 9*g**2 + 15*g + 3. Give x(7).
10
Let u(m) = -24*m + 14. Determine u(0).
14
Let n(b) = -b - 28. Determine n(8).
-36
Let b(d) = d - 7. What is b(13)?
6
Let v(g) = g**2 + g - 20. What is v(-5)?
0
Let y(r) = 20*r**2 - 37*r - 3. What is y(2)?
3
Let c(i) = 